{"id":66,"date":"2023-11-22T22:49:27","date_gmt":"2023-11-22T21:49:27","guid":{"rendered":"https:\/\/mlmbyeloetpat.com\/?page_id=66"},"modified":"2023-11-24T12:29:11","modified_gmt":"2023-11-24T11:29:11","slug":"accueil-2","status":"publish","type":"page","link":"https:\/\/mlmbyeloetpat.com\/","title":{"rendered":"Accueil"},"content":{"rendered":"\t\t<div data-elementor-type=\"wp-page\" data-elementor-id=\"66\" class=\"elementor elementor-66\">\n\t\t\t\t\t\t\t<aside class=\"elementor-element elementor-element-17cf0e4 e-con-full e-flex e-con e-parent\" data-id=\"17cf0e4\" data-element_type=\"container\" data-settings=\"{&quot;content_width&quot;:&quot;full&quot;,&quot;background_background&quot;:&quot;gradient&quot;}\" data-core-v316-plus=\"true\">\n\t\t<div class=\"elementor-element elementor-element-7ae30fd e-flex e-con-boxed e-con e-child\" data-id=\"7ae30fd\" data-element_type=\"container\" data-settings=\"{&quot;content_width&quot;:&quot;boxed&quot;}\">\n\t\t\t\t\t<div class=\"e-con-inner\">\n\t\t\t\t<div class=\"elementor-element elementor-element-d3fbad7 elementor-widget__width-initial elementor-widget elementor-widget-heading\" data-id=\"d3fbad7\" data-element_type=\"widget\" data-widget_type=\"heading.default\">\n\t\t\t\t<div class=\"elementor-widget-container\">\n\t\t\t<style>\/*! elementor - v3.17.0 - 08-11-2023 *\/\n.elementor-heading-title{padding:0;margin:0;line-height:1}.elementor-widget-heading .elementor-heading-title[class*=elementor-size-]>a{color:inherit;font-size:inherit;line-height:inherit}.elementor-widget-heading .elementor-heading-title.elementor-size-small{font-size:15px}.elementor-widget-heading .elementor-heading-title.elementor-size-medium{font-size:19px}.elementor-widget-heading .elementor-heading-title.elementor-size-large{font-size:29px}.elementor-widget-heading .elementor-heading-title.elementor-size-xl{font-size:39px}.elementor-widget-heading .elementor-heading-title.elementor-size-xxl{font-size:59px}<\/style><h1 class=\"elementor-heading-title elementor-size-large\">MLM by Elodie &amp; Patrick<br><br>Osez r\u00eaver, Osez r\u00e9ussir, Osez le MLM !<br> <\/h1>\t\t<\/div>\n\t\t\t\t<\/div>\n\t\t\t\t\t<\/div>\n\t\t\t\t<\/div>\n\t\t\t\t<\/aside>\n\t\t<div class=\"elementor-element elementor-element-53ffbfa e-con-full e-flex e-con e-parent\" data-id=\"53ffbfa\" data-element_type=\"container\" data-settings=\"{&quot;content_width&quot;:&quot;full&quot;}\" data-core-v316-plus=\"true\">\n\t\t\t\t<div class=\"elementor-element elementor-element-bedf286 elementor-widget__width-initial elementor-widget-tablet__width-initial elementor-widget elementor-widget-heading\" data-id=\"bedf286\" data-element_type=\"widget\" data-widget_type=\"heading.default\">\n\t\t\t\t<div class=\"elementor-widget-container\">\n\t\t\t<h2 class=\"elementor-heading-title elementor-size-large\">Qui sommes-nous ?<\/h2>\t\t<\/div>\n\t\t\t\t<\/div>\n\t\t\t\t<\/div>\n\t\t<div class=\"elementor-element elementor-element-6ea6985 e-flex e-con-boxed e-con e-parent\" data-id=\"6ea6985\" data-element_type=\"container\" data-settings=\"{&quot;content_width&quot;:&quot;boxed&quot;}\" data-core-v316-plus=\"true\">\n\t\t\t\t\t<div class=\"e-con-inner\">\n\t\t<div class=\"elementor-element elementor-element-2953ab4 e-con-full e-flex e-con e-child\" data-id=\"2953ab4\" data-element_type=\"container\" data-settings=\"{&quot;content_width&quot;:&quot;full&quot;}\">\n\t\t\t\t<div class=\"elementor-element elementor-element-9835b96 elementor-widget__width-initial elementor-widget-tablet__width-initial elementor-widget elementor-widget-image\" data-id=\"9835b96\" data-element_type=\"widget\" data-widget_type=\"image.default\">\n\t\t\t\t<div class=\"elementor-widget-container\">\n\t\t\t<style>\/*! elementor - v3.17.0 - 08-11-2023 *\/\n.elementor-widget-image{text-align:center}.elementor-widget-image a{display:inline-block}.elementor-widget-image a img[src$=\".svg\"]{width:48px}.elementor-widget-image img{vertical-align:middle;display:inline-block}<\/style>\t\t\t\t\t\t\t\t\t\t\t\t<img fetchpriority=\"high\" decoding=\"async\" width=\"750\" height=\"1000\" src=\"https:\/\/mlmbyeloetpat.com\/wp-content\/uploads\/2023\/11\/logo-site.jpg\" class=\"attachment-medium_large size-medium_large wp-image-25\" alt=\"Photo de Patrick et Elodie\" srcset=\"https:\/\/mlmbyeloetpat.com\/wp-content\/uploads\/2023\/11\/logo-site.jpg 768w, https:\/\/mlmbyeloetpat.com\/wp-content\/uploads\/2023\/11\/logo-site-600x800.jpg 600w, https:\/\/mlmbyeloetpat.com\/wp-content\/uploads\/2023\/11\/logo-site-225x300.jpg 225w\" sizes=\"(max-width: 750px) 100vw, 750px\" \/>\t\t\t\t\t\t\t\t\t\t\t\t\t\t\t<\/div>\n\t\t\t\t<\/div>\n\t\t\t\t<\/div>\n\t\t<div class=\"elementor-element elementor-element-b0d84de e-con-full e-flex e-con e-child\" data-id=\"b0d84de\" data-element_type=\"container\" data-settings=\"{&quot;content_width&quot;:&quot;full&quot;}\">\n\t\t\t\t<div class=\"elementor-element elementor-element-8ea9c2f elementor-widget-tablet__width-initial elementor-widget elementor-widget-text-editor\" data-id=\"8ea9c2f\" data-element_type=\"widget\" data-widget_type=\"text-editor.default\">\n\t\t\t\t<div class=\"elementor-widget-container\">\n\t\t\t<style>\/*! elementor - v3.17.0 - 08-11-2023 *\/\n.elementor-widget-text-editor.elementor-drop-cap-view-stacked .elementor-drop-cap{background-color:#69727d;color:#fff}.elementor-widget-text-editor.elementor-drop-cap-view-framed .elementor-drop-cap{color:#69727d;border:3px solid;background-color:transparent}.elementor-widget-text-editor:not(.elementor-drop-cap-view-default) .elementor-drop-cap{margin-top:8px}.elementor-widget-text-editor:not(.elementor-drop-cap-view-default) .elementor-drop-cap-letter{width:1em;height:1em}.elementor-widget-text-editor .elementor-drop-cap{float:left;text-align:center;line-height:1;font-size:50px}.elementor-widget-text-editor .elementor-drop-cap-letter{display:inline-block}<\/style>\t\t\t\t<ul><li><b>Patrick<\/b> &#8211;\u00a0 En tant que fondateur, je suis enthousiaste \u00e0 l&#8217;id\u00e9e d&#8217;apprendre et de grandir avec vous. Mon engagement est de partager nos exp\u00e9riences authentiques tout au long de notre parcours dans le MLM.<\/li><li><b>Elodie<\/b> &#8211; Ma compagne et collaboratrice Elodie est ma partenaire d\u00e9vou\u00e9e dans cette aventure. Ensemble, nous explorons les nuances du MLM, surmontons les obstacles et c\u00e9l\u00e9brons les petites victoires.<\/li><\/ul>\t\t\t\t\t\t<\/div>\n\t\t\t\t<\/div>\n\t\t\t\t<div class=\"elementor-element elementor-element-689fc92 elementor-widget__width-initial elementor-widget-tablet__width-initial elementor-widget elementor-widget-text-editor\" data-id=\"689fc92\" data-element_type=\"widget\" data-widget_type=\"text-editor.default\">\n\t\t\t\t<div class=\"elementor-widget-container\">\n\t\t\t\t\t\t\t<h6 style=\"color: #3c4858;\">Nous croyons\u00a0 que le travail d&#8217;\u00e9quipe, la croissance personnelle,<span style=\"font-size: inherit;\">\u00a0mais aussi le fait de gagner en ind\u00e9pendance financi\u00e8re, sont essentiels.<\/span><\/h6><h6 style=\"color: #3c4858;\"><span style=\"font-size: inherit;\"><\/span>Ce blog est bien plus qu&#8217;une simple plateforme MLM,\u00a0<span style=\"font-size: inherit;\">c&#8217;est un espace d\u00e9di\u00e9 \u00e0 l&#8217;\u00e9panouissement individuel et \u00e0 la construction de succ\u00e8s durables dans le monde dynamique du marketing de r\u00e9seau.<br \/><\/span>\u00a0<\/h6>\t\t\t\t\t\t<\/div>\n\t\t\t\t<\/div>\n\t\t\t\t<\/div>\n\t\t\t\t\t<\/div>\n\t\t\t\t<\/div>\n\t\t<div class=\"elementor-element elementor-element-bdde80d e-flex e-con-boxed e-con e-parent\" data-id=\"bdde80d\" data-element_type=\"container\" data-settings=\"{&quot;content_width&quot;:&quot;boxed&quot;}\" data-core-v316-plus=\"true\">\n\t\t\t\t\t<div class=\"e-con-inner\">\n\t\t\t\t<div class=\"elementor-element elementor-element-473fd8d elementor-widget elementor-widget-heading\" data-id=\"473fd8d\" data-element_type=\"widget\" data-widget_type=\"heading.default\">\n\t\t\t\t<div class=\"elementor-widget-container\">\n\t\t\t<h3 class=\"elementor-heading-title elementor-size-large\">Ce que nous proposons<\/h3>\t\t<\/div>\n\t\t\t\t<\/div>\n\t\t\t\t\t<\/div>\n\t\t\t\t<\/div>\n\t\t<div class=\"elementor-element elementor-element-f5cc1c8 e-flex e-con-boxed e-con e-parent\" data-id=\"f5cc1c8\" data-element_type=\"container\" data-settings=\"{&quot;content_width&quot;:&quot;boxed&quot;}\" data-core-v316-plus=\"true\">\n\t\t\t\t\t<div class=\"e-con-inner\">\n\t\t\t\t\t<\/div>\n\t\t\t\t<\/div>\n\t\t\t\t\t\t\t<\/div>\n\t\t","protected":false},"excerpt":{"rendered":"<p>MLM by Elodie &amp; Patrick Osez r\u00eaver, Osez r\u00e9ussir, Osez le MLM ! Qui sommes-nous ? Patrick &#8211;\u00a0 En tant que fondateur, je suis enthousiaste \u00e0 l&#8217;id\u00e9e d&#8217;apprendre et de grandir avec vous. Mon engagement est de partager nos exp\u00e9riences authentiques tout au long de notre parcours dans le MLM. [&hellip;]<\/p>\n","protected":false},"author":1,"featured_media":0,"parent":0,"menu_order":0,"comment_status":"closed","ping_status":"closed","template":"page-templates\/template-pagebuilder-full-width.php","meta":{"_monsterinsights_skip_tracking":false,"_monsterinsights_sitenote_active":false,"_monsterinsights_sitenote_note":"","_monsterinsights_sitenote_category":0,"footnotes":""},"aioseo_notices":[],"_links":{"self":[{"href":"https:\/\/mlmbyeloetpat.com\/index.php\/wp-json\/wp\/v2\/pages\/66"}],"collection":[{"href":"https:\/\/mlmbyeloetpat.com\/index.php\/wp-json\/wp\/v2\/pages"}],"about":[{"href":"https:\/\/mlmbyeloetpat.com\/index.php\/wp-json\/wp\/v2\/types\/page"}],"author":[{"embeddable":true,"href":"https:\/\/mlmbyeloetpat.com\/index.php\/wp-json\/wp\/v2\/users\/1"}],"replies":[{"embeddable":true,"href":"https:\/\/mlmbyeloetpat.com\/index.php\/wp-json\/wp\/v2\/comments?post=66"}],"version-history":[{"count":27,"href":"https:\/\/mlmbyeloetpat.com\/index.php\/wp-json\/wp\/v2\/pages\/66\/revisions"}],"predecessor-version":[{"id":148,"href":"https:\/\/mlmbyeloetpat.com\/index.php\/wp-json\/wp\/v2\/pages\/66\/revisions\/148"}],"wp:attachment":[{"href":"https:\/\/mlmbyeloetpat.com\/index.php\/wp-json\/wp\/v2\/media?parent=66"}],"curies":[{"name":"wp","href":"https:\/\/api.w.org\/{rel}","templated":true}]}}